y 202?
56
What is the remainder when 105899 is divided by 123?
119
Calculate the remainder when 8275 is divided by 153.
13
What is the remainder when 131623 is divided by 225?
223
What is the remainder when 4769 is divided by 111?
107
Calculate the remainder when 100634 is divided by 41.
20
Calculate the remainder when 28272 is divided by 28266.
6
Calculate the remainder when 10437 is divided by 25.
12
Calculate the remainder when 28029 is divided by 501.
474
What is the remainder when 143119 is divided by 40?
39
Calculate the remainder when 127675 is divided by 118.
117
Calculate the remainder when 2687 is divided by 28.
27
Calculate the remainder when 41928 is divided by 21.
12
Calculate the remainder when 128140 is divided by 42.
40
Calculate the remainder when 31113 is divided by 124.
113
What is the remainder when 7437 is divided by 163?
102
Calculate the remainder when 2183708 is divided by 1058.
1054
What is the remainder when 22521 is divided by 22498?
23
Calculate the remainder when 4086 is divided by 105.
96
What is the remainder when 22113 is divided by 1223?
99
Calculate the remainder when 683 is divided by 17.
3
What is the remainder when 4558 is divided by 725?
208
Calculate the remainder when 1078 is divided by 322.
112
What is the remainder when 204093 is divided by 10741?
14
What is the remainder when 104 is divided by 90?
14
Calculate the remainder when 13520 is divided by 4500.
20
What is the remainder when 2553 is divided by 165?
78
Calculate the remainder when 24412 is divided by 12202.
8
Calculate the remainder when 3515 is divided by 422.
139
What is the remainder when 496494 is divided by 55159?
63
What is the remainder when 136840 is divided by 68340?
160
Calculate the remainder when 155107 is divided by 68.
67
What is the remainder when 5038 is divided by 1628?
154
What is the remainder when 47814 is divided by 40?
14
What is the remainder when 90295 is divided by 74?
15
What is the remainder when 1668 is divided by 34?
2
What is the remainder when 2183 is divided by 719?
26
Calculate the remainder when 52104 is divided by 17363.
15
What is the remainder when 25495 is divided by 14?
1
What is the remainder when 60531 is divided by 11?
9
Calculate the remainder when 5594 is divided by 475.
369
Calculate the remainder when 69831 is divided by 597.
579
What is the remainder when 31361 is divided by 41?
37
What is the remainder when 1061319 is divided by 260?
259
Calculate the remainder when 7557 is divided by 31.
24
Calculate the remainder when 14032 is divided by 2280.
352
What is the remainder when 225372 is divided by 4419?
3
Calculate the remainder when 83235 is divided by 968.
955
Calculate the remainder when 16429 is divided by 513.
13
Calculate the remainder when 56327 is divided by 112.
103
Calculate the remainder when 6201 is divided by 413.
6
What is the remainder when 33777 is divided by 14?
9
What is the remainder when 22982 is divided by 190?
182
What is the remainder when 50625 is divided by 118?
3
Calculate the remainder when 387386 is divided by 231.
230
Calculate the remainder when 15095 is divided by 274.
25
Calculate the remainder when 3947 is divided by 61.
43
Calculate the remainder when 10809 is divided by 1675.
759
What is the remainder when 3581 is divided by 647?
346
What is the remainder when 640 is divided by 91?
3
Calculate the remainder when 3356 is divided by 3148.
208
Calculate the remainder when 891280 is divided by 297090.
10
What is the remainder when 396966 is divided by 26?
24
Calculate the remainder when 2324 is divided by 563.
72
What is the remainder when 26208 is divided by 639?
9
What is the remainder when 171294 is divided by 404?
402
Calculate the remainder when 1078 is divided by 239.
122
What is the remainder when 320771 is divided by 18?
11
Calculate the remainder when 281622 is divided by 377.
3
What is the remainder when 22652 is divided by 175?
77
Calculate the remainder when 323962 is divided by 3.
1
Calculate the remainder when 64350 is divided by 7.
6
What is the remainder when 7008 is divided by 364?
92
What is the remainder when 18275 is divided by 315?
5
What is the remainder when 126851 is divided by 66?
65
What is the remainder when 12153 is divided by 55?
53
What is the remainder when 990385 is divided by 81?
79
What is the remainder when 2687 is divided by 522?
77
Calculate the remainder when 26069 is divided by 48.
5
What is the remainder when 26493 is divided by 43?
5
What is the remainder when 1063 is divided by 343?
34
Calculate the remainder when 22974 is divided by 62.
34
What is the remainder when 37114 is divided by 18?
16
What is the remainder when 17300 is divided by 84?
80
What is the remainder when 356634 is divided by 178315?
4
Calculate the remainder when 96523 is divided by 152.
3
What is the remainder when 23647 is divided by 5896?
63
What is the remainder when 5680 is divided by 945?
10
Calculate the remainder when 46567 is divided by 57.
55
What is the remainder when 257659 is divided by 183?
178
What is the remainder when 78199 is divided by 32?
23
What is the remainder when 61133 is divided by 794?
789
Calculate the remainder when 2812 is divided by 693.
40
Calculate the remainder when 740 is divided by 104.
12
Calculate the remainder when 346690 is divided by 66.
58
What is the remainder when 15197 is divided by 34?
33
What is the remainder when 71046 is divided by 26?
14
What is the remainder when 173840 is divided by 57?
47
What is the remainder when 1520195 is divided by 553?
551
Calculate the remainder when 1833 is divided by 863.
107
Calculate the remainder when 48659 is divided by 6081.
11
What is the remainder when 51280 is divided by 3656?
96
Calculate the remainder when 8060 is divided by 2676.
32
What is the remainder when 19224 is divided by 5950?
1374
What is the remainder when 4771 is divided by 24?
19
Calculate the remainder when 2923 is divided by 484.
19
What is the remainder when 5097 is divided by 2468?
161
Calculate the remainder when 4903 is divided by 25.
3
Calculate the remainder when 240990 is divided by 713.
709
What is the remainder when 12966 is divided by 95?
46
What is the remainder when 33972 is divided by 293?
277
Calculate the remainder when 1915 is divided by 312.
43
Calculate the remainder when 1186 is divided by 237.
1
Calculate the remainder when 166298 is divided by 367.
47
Calculate the remainder when 4717 is divided by 368.
301
Calculate the remainder when 13932 is divided by 499.
459
Calculate the remainder when 12822 is divided by 210.
12
What is the remainder when 110529 is divided by 98?
83
What is the remainder when 109857 is divided by 3923?
13
Calculate the remainder when 16952 is divided by 18.
14
Calculate the remainder when 528 is divided by 134.
126
What is the remainder when 3572 is divided by 1129?
185
Calculate the remainder when 367117 is divided by 27.
25
Calculate the remainder when 1366 is divided by 447.
25
What is the remainder when 274643 is divided by 39?
5
Calculate the remainder when 3640 is divided by 692.
180
What is the remainder when 748 is divided by 5?
3
What is the remainder when 60340 is divided by 20062?
154
Calculate the remainder when 62884 is divided by 15.
4
Calculate the remainder when 411965 is divided by 82392.
5
What is the remainder when 2406 is divided by 1187?
32
Calculate the remainder when 4867531 is divided by 29.
26
What is the remainder when 21765 is divided by 2418?
3
Calculate the remainder when 216677 is divided by 2281.
2263
Calculate the remainder when 76949 is divided by 57.
56
What is the remainder when 29159 is divided by 10?
9
What is the remainder when 1933 is divided by 256?
141
What is the remainder when 426597 is divided by 474?
471
What is the remainder when 147542 is divided by 359?
352
Calculate the remainder when 11209 is divided by 170.
159
Calculate the remainder when 2224736 is divided by 17.
14
Calculate the remainder when 4194 is divided by 105.
99
What is the remainder when 2846 is divided by 45?
11
What is the remainder when 109162 is divided by 173?
172
What is the remainder when 83238 is divided by 97?
12
What is the remainder when 80501 is divided by 116?
113
What is the remainder when 5975 is divided by 81?
62
What is the re